[INFO] cloning repository https://github.com/mlsteele/bittles
[INFO] running `Command { std: "git" "-c" "credential.helper=" "-c" "credential.helper=/workspace/cargo-home/bin/git-credential-null" "clone" "--bare" "https://github.com/mlsteele/bittles" "/workspace/cache/git-repos/https%3A%2F%2Fgithub.com%2Fmlsteele%2Fbittles", kill_on_drop: false }`
[INFO] [stderr] Cloning into bare repository '/workspace/cache/git-repos/https%3A%2F%2Fgithub.com%2Fmlsteele%2Fbittles'...
[INFO] running `Command { std: "git" "rev-parse" "HEAD", kill_on_drop: false }`
[INFO] [stdout] 68441273c2e5aaa5e7e19d35c2b8fdeee0ac92af
[INFO] checking mlsteele/bittles against master#af3c6e733a40e671550e0f0f5aeecaa13772ba56 for pr-74989
[INFO] running `Command { std: "git" "clone" "/workspace/cache/git-repos/https%3A%2F%2Fgithub.com%2Fmlsteele%2Fbittles" "/workspace/builds/worker-8/source", kill_on_drop: false }`
[INFO] [stderr] Cloning into '/workspace/builds/worker-8/source'...
[INFO] [stderr] done.
[INFO] validating manifest of git repo https://github.com/mlsteele/bittles on toolchain af3c6e733a40e671550e0f0f5aeecaa13772ba56
[INFO] running `Command { std: "/workspace/cargo-home/bin/cargo" "+af3c6e733a40e671550e0f0f5aeecaa13772ba56" "read-manifest" "--manifest-path" "Cargo.toml", kill_on_drop: false }`
[INFO] started tweaking git repo https://github.com/mlsteele/bittles
[INFO] finished tweaking git repo https://github.com/mlsteele/bittles
[INFO] tweaked toml for git repo https://github.com/mlsteele/bittles written to /workspace/builds/worker-8/source/Cargo.toml
[INFO] crate git repo https://github.com/mlsteele/bittles already has a lockfile, it will not be regenerated
[INFO] running `Command { std: "/workspace/cargo-home/bin/cargo" "+af3c6e733a40e671550e0f0f5aeecaa13772ba56" "fetch" "--locked" "--manifest-path" "Cargo.toml", kill_on_drop: false }`
[INFO] running `Command { std: "docker" "create" "-v" "/var/lib/crater-agent-workspace/builds/worker-8/target:/opt/rustwide/target:rw,Z" "-v" "/var/lib/crater-agent-workspace/builds/worker-8/source:/opt/rustwide/workdir:ro,Z" "-v" "/var/lib/crater-agent-workspace/cargo-home:/opt/rustwide/cargo-home:ro,Z" "-v" "/var/lib/crater-agent-workspace/rustup-home:/opt/rustwide/rustup-home:ro,Z" "-e" "SOURCE_DIR=/opt/rustwide/workdir" "-e" "CARGO_TARGET_DIR=/opt/rustwide/target" "-e" "CARGO_HOME=/opt/rustwide/cargo-home" "-e" "RUSTUP_HOME=/opt/rustwide/rustup-home" "-w" "/opt/rustwide/workdir" "-m" "1610612736" "--user" "0:0" "--network" "none" "rustops/crates-build-env@sha256:d92eaeed33fa75130ca1ee6c8a01d1ffb62bac859dfdfb3450e3e5d1c0146529" "/opt/rustwide/cargo-home/bin/cargo" "+af3c6e733a40e671550e0f0f5aeecaa13772ba56" "metadata" "--no-deps" "--format-version=1", kill_on_drop: false }`
[INFO] [stdout] 74a692f78eace734a66bd4b33bd6295cbf298cfdf765e646b014b5c64718ee87
[INFO] [stderr] WARNING: Your kernel does not support swap limit capabilities or the cgroup is not mounted. Memory limited without swap.
[INFO] running `Command { std: "docker" "start" "-a" "74a692f78eace734a66bd4b33bd6295cbf298cfdf765e646b014b5c64718ee87", kill_on_drop: false }`
[INFO] running `Command { std: "docker" "inspect" "74a692f78eace734a66bd4b33bd6295cbf298cfdf765e646b014b5c64718ee87", kill_on_drop: false }`
[INFO] running `Command { std: "docker" "rm" "-f" "74a692f78eace734a66bd4b33bd6295cbf298cfdf765e646b014b5c64718ee87", kill_on_drop: false }`
[INFO] [stdout] 74a692f78eace734a66bd4b33bd6295cbf298cfdf765e646b014b5c64718ee87
[INFO] running `Command { std: "docker" "create" "-v" "/var/lib/crater-agent-workspace/builds/worker-8/target:/opt/rustwide/target:rw,Z" "-v" "/var/lib/crater-agent-workspace/builds/worker-8/source:/opt/rustwide/workdir:ro,Z" "-v" "/var/lib/crater-agent-workspace/cargo-home:/opt/rustwide/cargo-home:ro,Z" "-v" "/var/lib/crater-agent-workspace/rustup-home:/opt/rustwide/rustup-home:ro,Z" "-e" "SOURCE_DIR=/opt/rustwide/workdir" "-e" "CARGO_TARGET_DIR=/opt/rustwide/target" "-e" "CARGO_INCREMENTAL=0" "-e" "RUST_BACKTRACE=full" "-e" "RUSTFLAGS=--cap-lints=forbid" "-e" "CARGO_HOME=/opt/rustwide/cargo-home" "-e" "RUSTUP_HOME=/opt/rustwide/rustup-home" "-w" "/opt/rustwide/workdir" "-m" "1610612736" "--user" "0:0" "--network" "none" "rustops/crates-build-env@sha256:d92eaeed33fa75130ca1ee6c8a01d1ffb62bac859dfdfb3450e3e5d1c0146529" "/opt/rustwide/cargo-home/bin/cargo" "+af3c6e733a40e671550e0f0f5aeecaa13772ba56" "check" "--frozen" "--all" "--all-targets" "--message-format=json", kill_on_drop: false }`
[INFO] [stderr] WARNING: Your kernel does not support swap limit capabilities or the cgroup is not mounted. Memory limited without swap.
[INFO] [stdout] 5da01012c68d8e66fdc71c3392faad6466dd225e68a95d2e34c2b238a7c6a946
[INFO] running `Command { std: "docker" "start" "-a" "5da01012c68d8e66fdc71c3392faad6466dd225e68a95d2e34c2b238a7c6a946", kill_on_drop: false }`
[INFO] [stderr]    Compiling gcc v0.3.45
[INFO] [stderr]    Compiling rayon-core v1.0.0
[INFO] [stderr]     Checking num-traits v0.1.37
[INFO] [stderr]     Checking rustc-demangle v0.1.4
[INFO] [stderr]     Checking slog v2.0.5
[INFO] [stderr]     Checking lazy_static v0.2.8
[INFO] [stderr]     Checking rustc-serialize v0.3.23
[INFO] [stderr]     Checking futures v0.1.13
[INFO] [stderr]     Checking lazycell v0.4.0
[INFO] [stderr]     Checking traitobject v0.1.0
[INFO] [stderr]     Checking either v1.1.0
[INFO] [stderr]     Checking untrusted v0.3.2
[INFO] [stderr]     Checking typeable v0.1.2
[INFO] [stderr]     Checking serde v0.9.15
[INFO] [stderr]     Checking take_mut v0.1.3
[INFO] [stderr]    Compiling rand v0.3.15
[INFO] [stderr]     Checking thread-id v3.0.0
[INFO] [stderr]     Checking iovec v0.1.0
[INFO] [stderr]     Checking isatty v0.1.3
[INFO] [stderr]     Checking net2 v0.2.27
[INFO] [stderr]     Checking aho-corasick v0.6.3
[INFO] [stderr]    Compiling hyper v0.10.8
[INFO] [stderr]    Compiling syn v0.11.11
[INFO] [stderr]    Compiling backtrace v0.3.0
[INFO] [stderr]     Checking dbghelp-sys v0.2.0
[INFO] [stderr]     Checking kernel32-sys v0.2.2
[INFO] [stderr]     Checking thread_local v0.3.3
[INFO] [stderr]     Checking url v1.4.0
[INFO] [stderr]     Checking itertools v0.6.0
[INFO] [stderr]     Checking bytes v0.4.3
[INFO] [stdout] error[E0446]: private type `NeverStruct` in public interface
[INFO] [stdout]     --> /opt/rustwide/cargo-home/registry/src/github.com-1ecc6299db9ec823/slog-2.0.5/src/lib.rs:1180:5
[INFO] [stdout]      |
[INFO] [stdout] 1180 |     type Err = Never;
[INFO] [stdout]      |     ^^^^^^^^^^^^^^^^^ can't leak private type
[INFO] [stdout] ...
[INFO] [stdout] 2868 | struct NeverStruct(());
[INFO] [stdout]      | - `NeverStruct` declared as private
[INFO] [stdout] 
[INFO] [stdout] 
[INFO] [stdout] error[E0446]: private type `NeverStruct` in public interface
[INFO] [stdout]     --> /opt/rustwide/cargo-home/registry/src/github.com-1ecc6299db9ec823/slog-2.0.5/src/lib.rs:1465:5
[INFO] [stdout]      |
[INFO] [stdout] 1465 |     type Err = Never;
[INFO] [stdout]      |     ^^^^^^^^^^^^^^^^^ can't leak private type
[INFO] [stdout] ...
[INFO] [stdout] 2868 | struct NeverStruct(());
[INFO] [stdout]      | - `NeverStruct` declared as private
[INFO] [stdout] 
[INFO] [stdout] 
[INFO] [stdout] error[E0446]: private type `NeverStruct` in public interface
[INFO] [stdout]     --> /opt/rustwide/cargo-home/registry/src/github.com-1ecc6299db9ec823/slog-2.0.5/src/lib.rs:1630:5
[INFO] [stdout]      |
[INFO] [stdout] 1630 |     type Err = Never;
[INFO] [stdout]      |     ^^^^^^^^^^^^^^^^^ can't leak private type
[INFO] [stdout] ...
[INFO] [stdout] 2868 | struct NeverStruct(());
[INFO] [stdout]      | - `NeverStruct` declared as private
[INFO] [stdout] 
[INFO] [stdout] 
[INFO] [stdout] error[E0446]: private type `NeverStruct` in public interface
[INFO] [stdout]     --> /opt/rustwide/cargo-home/registry/src/github.com-1ecc6299db9ec823/slog-2.0.5/src/lib.rs:1662:5
[INFO] [stdout]      |
[INFO] [stdout] 1662 |     type Err = Never;
[INFO] [stdout]      |     ^^^^^^^^^^^^^^^^^ can't leak private type
[INFO] [stdout] ...
[INFO] [stdout] 2868 | struct NeverStruct(());
[INFO] [stdout]      | - `NeverStruct` declared as private
[INFO] [stdout] 
[INFO] [stdout] 
[INFO] [stdout] error: aborting due to 4 previous errors
[INFO] [stdout] 
[INFO] [stdout] 
[INFO] [stdout] For more information about this error, try `rustc --explain E0446`.
[INFO] [stdout] 
[INFO] [stderr] error: could not compile `slog`.
[INFO] [stderr] 
[INFO] [stderr] To learn more, run the command again with --verbose.
[INFO] [stderr] warning: build failed, waiting for other jobs to finish...
[INFO] [stdout] error[E0713]: borrow may still be in use when destructor runs
[INFO] [stdout]    --> /opt/rustwide/cargo-home/registry/src/github.com-1ecc6299db9ec823/url-1.4.0/src/form_urlencoded.rs:246:40
[INFO] [stdout]     |
[INFO] [stdout] 244 | impl<'a> Target for ::UrlQuery<'a> {
[INFO] [stdout]     |      -- lifetime `'a` defined here
[INFO] [stdout] 245 |     fn as_mut_string(&mut self) -> &mut String { &mut self.url.serialization }
[INFO] [stdout] 246 |     fn finish(self) -> &'a mut ::Url { self.url }
[INFO] [stdout]     |                                        ^^^^^^^^ - here, drop of `self` needs exclusive access to `*self.url`, because the type `UrlQuery<'_>` implements the `Drop` trait
[INFO] [stdout]     |                                        |
[INFO] [stdout]     |                                        returning this value requires that `*self.url` is borrowed for `'a`
[INFO] [stdout] 
[INFO] [stdout] 
[INFO] [stdout] error: aborting due to previous error
[INFO] [stdout] 
[INFO] [stdout] 
[INFO] [stdout] For more information about this error, try `rustc --explain E0713`.
[INFO] [stdout] 
[INFO] [stderr] error: build failed
[INFO] running `Command { std: "docker" "inspect" "5da01012c68d8e66fdc71c3392faad6466dd225e68a95d2e34c2b238a7c6a946", kill_on_drop: false }`
[INFO] running `Command { std: "docker" "rm" "-f" "5da01012c68d8e66fdc71c3392faad6466dd225e68a95d2e34c2b238a7c6a946", kill_on_drop: false }`
[INFO] [stdout] 5da01012c68d8e66fdc71c3392faad6466dd225e68a95d2e34c2b238a7c6a946
